{"id":82,"date":"2025-05-03T06:25:23","date_gmt":"2025-05-03T06:25:23","guid":{"rendered":"https:\/\/centroodontologicodrsenior.com\/pharmacy\/?post_type=product&#038;p=82"},"modified":"2025-05-03T06:25:23","modified_gmt":"2025-05-03T06:25:23","slug":"vigora-xl","status":"publish","type":"product","link":"https:\/\/centroodontologicodrsenior.com\/pharmacy\/product\/vigora-xl\/","title":{"rendered":"Vigora XL"},"content":{"rendered":"\r\n<h2 class=\"wp-block-heading\"><strong>Vigora XL Bewertung<\/strong><\/h2>\r\n<p class=\"\" data-start=\"3331\" data-end=\"3430\">Du f\u00fchlst dich im Bett nicht mehr so sicher wie fr\u00fcher? Die Kraft fehlt, und deine Ausdauer auch?\u00a0So geht es vielen M\u00e4nnern. <strong data-start=\"3459\" data-end=\"3472\">Vigora XL<\/strong> wirbt mit mehr Energie und Lust.<\/p>\r\n<p class=\"\" data-start=\"3509\" data-end=\"3581\">Aber ist das echt oder nur ein leeres Versprechen? Finde es hier heraus.<\/p>\r\n\r\n<h2 class=\"wp-block-heading\"><strong>Vigora XL \u2013 Wirkungen und Vorteile<\/strong><\/h2>\r\n<p class=\"\" data-start=\"6092\" data-end=\"6203\"><strong data-start=\"6092\" data-end=\"6105\">Vigora XL<\/strong> ist ein Nahrungserg\u00e4nzungsmittel zur Verbesserung der sexuellen Funktion. Hier sind die Vorteile:<\/p>\r\n\r\n<ul data-start=\"6205\" data-end=\"6660\">\r\n \t<li class=\"\" data-start=\"6205\" data-end=\"6297\">\r\n<p class=\"\" data-start=\"6207\" data-end=\"6297\"><strong data-start=\"6207\" data-end=\"6235\">Bessere Blutzirkulation:<\/strong> F\u00f6rdert eine st\u00e4rkere Blutzufuhr und verbessert die Erektion.<\/p>\r\n<\/li>\r\n \t<li class=\"\" data-start=\"6298\" data-end=\"6383\">\r\n<p class=\"\" data-start=\"6300\" data-end=\"6383\"><strong data-start=\"6300\" data-end=\"6326\">Steigerung der Libido:<\/strong> Nat\u00fcrliche Inhaltsstoffe unterst\u00fctzen die sexuelle Lust.<\/p>\r\n<\/li>\r\n \t<li class=\"\" data-start=\"6384\" data-end=\"6478\">\r\n<p class=\"\" data-start=\"6386\" data-end=\"6478\"><strong data-start=\"6386\" data-end=\"6405\">Weniger Stress:<\/strong> Reduziert geistige Blockaden und macht das sexuelle Erlebnis angenehmer.<\/p>\r\n<\/li>\r\n \t<li class=\"\" data-start=\"6479\" data-end=\"6578\">\r\n<p class=\"\" data-start=\"6481\" data-end=\"6578\"><strong data-start=\"6481\" data-end=\"6510\">Hormonelle Unterst\u00fctzung:<\/strong> Unterst\u00fctzt das hormonelle Gleichgewicht und die Erektionsfunktion.<\/p>\r\n<\/li>\r\n \t<li class=\"\" data-start=\"6579\" data-end=\"6660\">\r\n<p class=\"\" data-start=\"6581\" data-end=\"6660\"><strong data-start=\"6581\" data-end=\"6599\">Mehr Ausdauer:<\/strong> Hilft, l\u00e4nger aktiv zu bleiben und die Leistung zu steigern.<\/p>\r\n<\/li>\r\n<\/ul>\r\n<p class=\"\" data-start=\"6662\" data-end=\"6703\"><strong data-start=\"6662\" data-end=\"6703\">Jetzt bestellen \u2013 bis zu 50 % Rabatt!<\/strong><\/p>\r\n<p class=\"\" data-start=\"3509\" data-end=\"3581\"><\/p>\r\n\r\n<h2 class=\"wp-block-heading\"><strong>Was ist Vigora XL?<\/strong><\/h2>\r\n<p class=\"\" data-start=\"3509\" data-end=\"3581\"><\/p>\r\n<p class=\"\" data-start=\"4481\" data-end=\"4622\"><strong data-start=\"4481\" data-end=\"4494\">Vigora XL<\/strong> ist eine Hilfe f\u00fcr M\u00e4nner mit Leistungsproblemen im Bett. Weniger Lust, weniger Energie? Diese Kapseln k\u00f6nnten die L\u00f6sung sein.<\/p>\r\n<p class=\"\" data-start=\"4624\" data-end=\"4708\">Mit nat\u00fcrlichen Zutaten wird die Durchblutung verbessert und die Energie gesteigert.<\/p>\r\n<p class=\"\" data-start=\"4710\" data-end=\"4742\"><strong data-start=\"4710\" data-end=\"4740\">Die Vorteile im \u00dcberblick:<\/strong><\/p>\r\n\r\n<ul data-start=\"4743\" data-end=\"4832\">\r\n \t<li class=\"\" data-start=\"4743\" data-end=\"4765\">\r\n<p class=\"\" data-start=\"4745\" data-end=\"4765\">Besserer Blutfluss<\/p>\r\n<\/li>\r\n \t<li class=\"\" data-start=\"4766\" data-end=\"4788\">\r\n<p class=\"\" data-start=\"4768\" data-end=\"4788\">Erh\u00f6hte Motivation<\/p>\r\n<\/li>\r\n \t<li class=\"\" data-start=\"4789\" data-end=\"4809\">\r\n<p class=\"\" data-start=\"4791\" data-end=\"4809\">L\u00e4ngere Sexdauer<\/p>\r\n<\/li>\r\n \t<li class=\"\" data-start=\"4810\" data-end=\"4832\">\r\n<p class=\"\" data-start=\"4812\" data-end=\"4832\">Mehr Energiegef\u00fchl<\/p>\r\n<\/li>\r\n<\/ul>\r\n\r\n<h2 class=\"wp-block-heading\"><strong>Wie wirkt Vigora XL?<\/strong><\/h2>\r\n<p class=\"\" data-start=\"1917\" data-end=\"2078\">Es nutzt Flavonoide \u2013 Pflanzenstoffe mit starker Schutzwirkung. Sie sorgen f\u00fcr gesunde Blutgef\u00e4\u00dfe und f\u00f6rdern die Erektionsf\u00e4higkeit.<\/p>\r\n<p class=\"\" data-start=\"2080\" data-end=\"2165\">Stress und Umweltgifte k\u00f6nnen die Potenz schw\u00e4chen. Flavonoide wirken dem entgegen.<\/p>\r\n<p class=\"\" data-start=\"2167\" data-end=\"2282\">Wissenschaftliche Untersuchungen zeigen, dass M\u00e4nner mit hoher Flavonoid-Aufnahme seltener Erektionsprobleme haben.<\/p>\r\n\r\n<h2 class=\"wp-block-heading\"><strong>Vigora XL Inhaltsstoffe<\/strong><\/h2>\r\n<p class=\"\" data-start=\"2167\" data-end=\"2282\"><\/p>\r\n<p class=\"\" data-start=\"2305\" data-end=\"2492\"><strong data-start=\"2305\" data-end=\"2327\">1. Horny Goat Weed<\/strong><br data-start=\"2327\" data-end=\"2330\" \/>Ein nat\u00fcrlicher Pflanzenstoff zur F\u00f6rderung der Potenz.<br data-start=\"2385\" data-end=\"2388\" \/>Hilft bei Erektionsproblemen durch bessere Blutzirkulation.<br data-start=\"2447\" data-end=\"2450\" \/>Sehr beliebt in der asiatischen Heilkunst.<\/p>\r\n<p class=\"\" data-start=\"2494\" data-end=\"2663\"><strong data-start=\"2494\" data-end=\"2512\">2. Tongkat Ali<\/strong><br data-start=\"2512\" data-end=\"2515\" \/>Ein Testosteron-Booster aus der Natur.<br data-start=\"2553\" data-end=\"2556\" \/>St\u00e4rkt das Verlangen und verbessert die Ausdauer beim Sex.<br data-start=\"2614\" data-end=\"2617\" \/>Ideal bei Antriebslosigkeit und Libidoverlust.<\/p>\r\n<p class=\"\" data-start=\"2665\" data-end=\"2832\"><strong data-start=\"2665\" data-end=\"2684\">3. Saw Palmetto<\/strong><br data-start=\"2684\" data-end=\"2687\" \/>Sch\u00fctzt die Prostata und st\u00e4rkt die M\u00e4nnlichkeit.<br data-start=\"2736\" data-end=\"2739\" \/>Unterst\u00fctzt die Hormonregulation und den Haarwuchs.<br data-start=\"2790\" data-end=\"2793\" \/>Wird oft bei \u00e4lteren M\u00e4nnern empfohlen.<\/p>\r\n<p class=\"\" data-start=\"2834\" data-end=\"2974\"><strong data-start=\"2834\" data-end=\"2852\">4. Nettle Root<\/strong><br data-start=\"2852\" data-end=\"2855\" \/>Eine klassische Heilwurzel f\u00fcr M\u00e4nnergesundheit.<br data-start=\"2903\" data-end=\"2906\" \/>Hilft, Testosteron verf\u00fcgbar zu machen.<br data-start=\"2945\" data-end=\"2948\" \/>St\u00e4rkt Prostata und Blase.<\/p>\r\n<p class=\"\" data-start=\"2976\" data-end=\"3139\"><strong data-start=\"2976\" data-end=\"2995\">5. Sarsaparilla<\/strong><br data-start=\"2995\" data-end=\"2998\" \/>Unterst\u00fctzt den K\u00f6rper bei Stress und Ersch\u00f6pfung.<br data-start=\"3048\" data-end=\"3051\" \/>Kann zur Steigerung der Libido beitragen.<br data-start=\"3092\" data-end=\"3095\" \/>Wird h\u00e4ufig als nat\u00fcrliches Tonikum genutzt.<\/p>\r\n\r\n<h2 class=\"wp-block-heading\"><strong>Vigora XL Anwendung und Dosierung<\/strong><\/h2>\r\n<p class=\"\" data-start=\"3158\" data-end=\"3440\">Um optimale Ergebnisse zu erzielen, nehmen Sie eine Kapsel <strong data-start=\"3248\" data-end=\"3261\">Vigora XL<\/strong> pro Tag. Diese sollte mit einem gro\u00dfen Glas Wasser etwa 30 Minuten vor dem geplanten Sexualakt eingenommen werden. Achten Sie darauf, die empfohlene Dosis nicht zu \u00fcberschreiten.<\/p>\r\n\r\n<h2 class=\"wp-block-heading\"><strong>Vigora XL Preis<\/strong><\/h2>\r\n<p class=\"\" data-start=\"3158\" data-end=\"3440\"><\/p>\r\n<p class=\"\" data-start=\"4121\" data-end=\"4308\">Die Einzelpreis f\u00fcr eine Flasche Vigora XL betr\u00e4gt 54,95 \u20ac und enth\u00e4lt 60 Kapseln, die f\u00fcr etwa einen Monat reichen.<br data-start=\"4260\" data-end=\"4263\" \/>Es gibt auch preisg\u00fcnstige Bundle-Angebote:<\/p>\r\n\r\n<ul data-start=\"4309\" data-end=\"4526\">\r\n \t<li class=\"\" data-start=\"4309\" data-end=\"4362\">\r\n<p class=\"\" data-start=\"4311\" data-end=\"4362\">3-Flaschen-Pack f\u00fcr 89,95 \u20ac (29,98 \u20ac pro Flasche)<\/p>\r\n<\/li>\r\n \t<li class=\"\" data-start=\"4363\" data-end=\"4526\">\r\n<p class=\"\" data-start=\"4365\" data-end=\"4526\">5-Flaschen-Pack f\u00fcr 109,95 \u20ac (21,99 \u20ac pro Flasche)<br data-start=\"4415\" data-end=\"4418\" \/>Durch den Kauf von Bundles kann man Geld sparen. Der Versand innerhalb der EU erfolgt schnell und kostenlos.<\/p>\r\n<\/li>\r\n<\/ul>\r\n\r\n<h2 class=\"wp-block-heading\"><strong>Vigora XL Vorsichtsma\u00dfnahmen und Nebenwirkungen<\/strong><\/h2>\r\n<p class=\"\" data-start=\"2916\" data-end=\"3161\">Es sind keine bedeutenden Nebenwirkungen bekannt, au\u00dfer bei einer m\u00f6glichen Allergie oder Unvertr\u00e4glichkeit gegen\u00fcber den Inhaltsstoffen. Pr\u00fcfen Sie daher vor der Einnahme die Liste der Inhaltsstoffe.<\/p>\r\n\r\n<h2 class=\"wp-block-heading\"><strong>Vigora XL \u2013 Bewertungen und Erfahrungsberichte<\/strong><\/h2>\r\n<p class=\"\" data-start=\"2916\" data-end=\"3161\"><\/p>\r\n\r\n<p class=\"\" data-start=\"6736\" data-end=\"6857\">Viele Kunden berichten von positiven Ergebnissen mit Vigora XL. Hier sind drei Geschichten:<\/p>\r\n<p class=\"\" data-start=\"6859\" data-end=\"7014\">\u201eSeitdem ich Vigora XL nehme, f\u00fchle ich mich viel fitter und meine sexuellen Leistungen haben sich enorm verbessert. Ich bin selbstbewusster als je zuvor.\u201c<\/p>\r\n<p class=\"\" data-start=\"7016\" data-end=\"7203\">\u201eVigora XL hat meine Ausdauer sowohl im Beruf als auch im Fitnessstudio gesteigert. Auch meine sexuellen Leistungen haben sich deutlich verbessert. Ich bin zufrieden mit den Ergebnissen!\u201c<\/p>\r\n<p class=\"\" data-start=\"7205\" data-end=\"7372\">\u201eIch hatte immer mit M\u00fcdigkeit zu k\u00e4mpfen, aber mit Vigora XL habe ich viel mehr Energie. Auch meine sexuelle Gesundheit hat sich verbessert. Ein gro\u00dfartiges Produkt!\u201c<\/p>\r\n\r\n<h2 class=\"wp-block-heading\"><strong>Vigora XL Bewertungen: Abschluss<\/strong><\/h2>\r\n<p class=\"\" data-start=\"7030\" data-end=\"7360\">Vigora XL kann dir helfen, mehr Ausdauer, Energie und Selbstvertrauen zu erreichen. Viele Nutzer berichten von echten Verbesserungen in ihrer Leistung, mit mehr Ausdauer und mehr Antrieb. Zu den Hauptzutaten geh\u00f6ren Horny Goat Weed und Tongkat Ali, die oft zur Unterst\u00fctzung der m\u00e4nnlichen Gesundheit verwendet werden.<\/p>\r\n<p class=\"\" data-start=\"7362\" data-end=\"7809\">Mit attraktiven Preisen, Rabatten bei gr\u00f6\u00dferen Bestellungen und einer 60-t\u00e4gigen Geld-zur\u00fcck-Garantie bietet Vigora XL ein gutes Preis-Leistungs-Verh\u00e4ltnis. Auch wenn die Ergebnisse von Person zu Person unterschiedlich sein k\u00f6nnen, haben die meisten Nutzer positive Erfahrungen gemacht. Wenn du ein nat\u00fcrliches Produkt zur Leistungssteigerung suchst, solltest du Vigora XL ausprobieren. Du kannst es direkt auf der Offiziellen Website kaufen.<\/p>\r\n<p class=\"\" data-start=\"7205\" data-end=\"7372\"><\/p>\r\n\r\n<h2 class=\"wp-block-heading\"><strong>Vigora XL Bewertung \u2013 H\u00e4ufig gestellte Fragen (FAQs)<\/strong><\/h2>\r\n<p class=\"\" data-start=\"5345\" data-end=\"5620\"><strong data-start=\"5345\" data-end=\"5393\">F: Wie lange dauert es, bis Vigora XL wirkt?<\/strong><br data-start=\"5393\" data-end=\"5396\" \/>A: Die Dauer bis zum Erreichen der Ergebnisse variiert je nach Person. Einige Nutzer sehen Ver\u00e4nderungen in wenigen Wochen, w\u00e4hrend andere l\u00e4nger brauchen. Durch die t\u00e4gliche Einnahme wirst du die besten Ergebnisse erzielen.<\/p>\r\n<p class=\"\" data-start=\"5622\" data-end=\"5880\"><strong data-start=\"5622\" data-end=\"5650\">F: Ist Vigora XL sicher?<\/strong><br data-start=\"5650\" data-end=\"5653\" \/>A: Ja, Vigora XL ist sicher, da es aus nat\u00fcrlichen Inhaltsstoffen besteht und nach hohen Qualit\u00e4tsstandards hergestellt wird. Wenn du gesundheitliche Bedenken hast oder Medikamente einnehmen musst, konsultiere bitte einen Arzt.<\/p>\r\n<p class=\"\" data-start=\"5882\" data-end=\"6155\"><strong data-start=\"5882\" data-end=\"5958\">F: Kann ich Vigora XL mit anderen Nahrungserg\u00e4nzungsmitteln kombinieren?<\/strong><br data-start=\"5958\" data-end=\"5961\" \/>A: Ja, das ist m\u00f6glich, aber \u00fcberpr\u00fcfe vorher die Inhaltsstoffe, um keine Doppelungen zu haben. Es ist immer eine gute Idee, einen Arzt zu konsultieren, bevor du mehrere Erg\u00e4nzungen kombinierst.<\/p>\r\n<p class=\"\" data-start=\"6157\" data-end=\"6358\"><strong data-start=\"6157\" data-end=\"6193\">F: Wo kann ich Vigora XL kaufen?<\/strong><br data-start=\"6193\" data-end=\"6196\" \/>A: Der beste Ort zum Kauf von Vigora XL ist die offizielle Website. Dort kannst du sicher sein, dass du das Originalprodukt erh\u00e4ltst und von Rabatten profitierst.<\/p>\r\n<p class=\"\" data-start=\"6360\" data-end=\"6544\"><strong data-start=\"6360\" data-end=\"6411\">F: Gibt es eine R\u00fcckgabegarantie f\u00fcr Vigora XL?<\/strong><br data-start=\"6411\" data-end=\"6414\" \/>A: Ja, Vigora XL kommt mit einer 60-Tage-Geld-zur\u00fcck-Garantie. Falls du nicht zufrieden bist, kannst du dein Geld zur\u00fcckerhalten.<\/p>\r\n<p class=\"\" data-start=\"7205\" data-end=\"7372\"><\/p>\r\n<p class=\"\" data-start=\"2976\" data-end=\"3139\"><\/p>\r\n\r\n\r\n","protected":false},"excerpt":{"rendered":"","protected":false},"featured_media":83,"comment_status":"open","ping_status":"closed","template":"","meta":[],"product_brand":[],"product_cat":[17],"product_tag":[],"class_list":{"0":"post-82","1":"product","2":"type-product","3":"status-publish","4":"has-post-thumbnail","6":"product_cat-mens-health","8":"first","9":"instock","10":"sale","11":"shipping-taxable","12":"product-type-external"},"_links":{"self":[{"href":"https:\/\/centroodontologicodrsenior.com\/pharmacy\/wp-json\/wp\/v2\/product\/82","targetHints":{"allow":["GET"]}}],"collection":[{"href":"https:\/\/centroodontologicodrsenior.com\/pharmacy\/wp-json\/wp\/v2\/product"}],"about":[{"href":"https:\/\/centroodontologicodrsenior.com\/pharmacy\/wp-json\/wp\/v2\/types\/product"}],"replies":[{"embeddable":true,"href":"https:\/\/centroodontologicodrsenior.com\/pharmacy\/wp-json\/wp\/v2\/comments?post=82"}],"wp:featuredmedia":[{"embeddable":true,"href":"https:\/\/centroodontologicodrsenior.com\/pharmacy\/wp-json\/wp\/v2\/media\/83"}],"wp:attachment":[{"href":"https:\/\/centroodontologicodrsenior.com\/pharmacy\/wp-json\/wp\/v2\/media?parent=82"}],"wp:term":[{"taxonomy":"product_brand","embeddable":true,"href":"https:\/\/centroodontologicodrsenior.com\/pharmacy\/wp-json\/wp\/v2\/product_brand?post=82"},{"taxonomy":"product_cat","embeddable":true,"href":"https:\/\/centroodontologicodrsenior.com\/pharmacy\/wp-json\/wp\/v2\/product_cat?post=82"},{"taxonomy":"product_tag","embeddable":true,"href":"https:\/\/centroodontologicodrsenior.com\/pharmacy\/wp-json\/wp\/v2\/product_tag?post=82"}],"curies":[{"name":"wp","href":"https:\/\/api.w.org\/{rel}","templated":true}]}}